nd 16023?
109
What is the highest common factor of 399 and 4731?
57
What is the greatest common divisor of 63578 and 498?
166
Calculate the greatest common divisor of 9455 and 383690.
305
Calculate the greatest common factor of 3965853 and 3.
3
What is the greatest common factor of 12 and 381?
3
What is the greatest common divisor of 6992460 and 276?
276
Calculate the highest common factor of 129639 and 474.
237
Calculate the highest common divisor of 184882 and 970.
194
What is the highest common factor of 364 and 630868?
28
Calculate the greatest common factor of 395 and 711.
79
What is the highest common factor of 108 and 6084?
36
What is the highest common divisor of 10370 and 802638?
2074
What is the highest common divisor of 208 and 247?
13
What is the greatest common divisor of 18526 and 8614?
118
What is the greatest common divisor of 40521 and 69613?
1039
What is the highest common factor of 408143 and 73?
73
Calculate the highest common divisor of 80 and 217520.
80
What is the highest common divisor of 14784 and 65142?
462
Calculate the greatest common factor of 1884 and 23079.
471
What is the greatest common divisor of 436 and 11881872?
436
Calculate the highest common divisor of 89 and 236473.
89
Calculate the highest common divisor of 275 and 10615.
55
What is the highest common divisor of 1122 and 1749?
33
Calculate the highest common divisor of 191455 and 11.
11
What is the highest common divisor of 88 and 75317?
11
What is the highest common divisor of 21199 and 59653?
493
What is the greatest common divisor of 47768 and 408?
8
What is the greatest common factor of 17552634 and 93?
93
Calculate the highest common factor of 3738 and 19572.
42
Calculate the highest common divisor of 33 and 5745.
3
What is the highest common factor of 16830 and 24?
6
What is the highest common factor of 3287749 and 89?
89
What is the greatest common factor of 56 and 20426?
14
What is the greatest common factor of 2790300 and 300?
300
Calculate the highest common factor of 13819 and 1950.
13
Calculate the greatest common divisor of 616840 and 7560.
280
Calculate the greatest common divisor of 143993 and 14353.
463
Calculate the greatest common divisor of 137 and 60828.
137
What is the greatest common factor of 137920 and 1040?
80
What is the greatest common factor of 245 and 364511?
49
What is the highest common divisor of 4 and 13115540?
4
What is the highest common divisor of 400 and 1341700?
100
What is the greatest common factor of 39 and 28639?
13
Calculate the greatest common divisor of 2 and 8071.
1
Calculate the greatest common divisor of 856 and 56282.
214
Calculate the highest common factor of 596 and 138123.
149
Calculate the greatest common divisor of 43 and 193156.
43
Calculate the highest common divisor of 420 and 14721.
21
Calculate the highest common factor of 1086300 and 34.
34
What is the highest common divisor of 11025 and 1800?
225
Calculate the highest common divisor of 2412945 and 129.
129
Calculate the highest common factor of 132038 and 856.
214
Calculate the highest common factor of 1229789 and 22.
11
Calculate the highest common divisor of 28997 and 3794.
271
Calculate the greatest common factor of 24135 and 240.
15
What is the highest common factor of 10 and 257360?
10
What is the greatest common divisor of 2001 and 24909?
69
Calculate the greatest common factor of 848888 and 696.
232
What is the greatest common factor of 132 and 21153?
33
Calculate the highest common divisor of 6944 and 1023.
31
Calculate the greatest common factor of 1 and 5087.
1
Calculate the highest common divisor of 342227 and 9758.
697
What is the greatest common factor of 298815 and 66?
33
Calculate the highest common factor of 6 and 22.
2
Calculate the greatest common divisor of 1 and 627292.
1
What is the highest common divisor of 1098 and 31002?
6
Calculate the highest common factor of 1885 and 1105.
65
Calculate the highest common factor of 58 and 2286534.
58
What is the highest common divisor of 174 and 196591?
29
Calculate the greatest common divisor of 553 and 64069.
79
What is the greatest common factor of 1696 and 608?
32
What is the greatest common divisor of 2276355 and 435?
435
Calculate the greatest common divisor of 52 and 372502.
26
What is the greatest common factor of 5391 and 61697?
599
What is the greatest common divisor of 60 and 2353980?
60
What is the greatest common factor of 337117 and 1023?
11
Calculate the highest common factor of 6212725 and 25.
25
Calculate the greatest common factor of 958537 and 29.
29
Calculate the highest common factor of 76 and 195339.
19
What is the highest common divisor of 55636 and 28?
28
What is the greatest common divisor of 190502 and 1768?
442
Calculate the greatest common divisor of 152935 and 2920.
365
What is the highest common factor of 3992784 and 32?
16
Calculate the greatest common divisor of 789 and 33.
3
Calculate the highest common divisor of 3423 and 24507.
21
Calculate the greatest common divisor of 150740 and 20.
20
What is the greatest common factor of 117008 and 688?
16
What is the greatest common divisor of 135491 and 9493?
863
Calculate the highest common factor of 89920 and 140.
20
What is the highest common divisor of 64469 and 92?
23
Calculate the greatest common factor of 680 and 225335.
85
Calculate the greatest common factor of 4 and 24266.
2
What is the highest common divisor of 6930 and 27258?
462
What is the highest common factor of 40572 and 184?
92
Calculate the greatest common divisor of 793174 and 76.
38
What is the greatest common factor of 233 and 3060222?
233
Calculate the greatest common divisor of 206337 and 327.
327
Calculate the highest common divisor of 10 and 2534330.
10
Calculate the highest common factor of 679 and 13289.
97
What is the greatest common factor of 766 and 307549?
383
Calculate the greatest common factor of 11768 and 64.
8
What is the greatest common factor of 1387 and 1349?
19
Calculate the greatest common factor of 7469 and 194.
97
What is the greatest common factor of 1333 and 97588?
31
Calculate the greatest common divisor of 715440 and 1980.
660
What is the greatest common divisor of 120 and 1048470?
30
What is the greatest common factor of 391846 and 156?
26
Calculate the greatest common factor of 145350 and 75.
75
Calculate the greatest common divisor of 1005 and 1830.
15
Calculate the highest common divisor of 96360 and 1936.
88
Calculate the highest common factor of 174405 and 462.
231
Calculate the greatest common factor of 32275216 and 248.
248
Calculate the greatest common factor of 1090 and 5014.
218
What is the highest common divisor of 1152 and 103808?
128
Calculate the highest common factor of 12 and 109479.
3
What is the highest common divisor of 576 and 4614?
6
What is the greatest common factor of 158424 and 13800?
552
What is the greatest common divisor of 224 and 57392?
16
What is the highest common factor of 12 and 17772?
12
Calculate the greatest common factor of 25545 and 247.
13
What is the highest common divisor of 21 and 66066?
21
What is the greatest common factor of 23329 and 4552?
569
Calculate the highest common factor of 1117 and 10966706.
1117
Calculate the greatest common factor of 3996 and 2368.
148
Calculate the greatest common divisor of 68216 and 128.
8
Calculate the highest common factor of 5771 and 5713.
29
What is the greatest common factor of 815490 and 1020?
510
Calculate the highest common factor of 9841 and 130.
13
Calculate the greatest common divisor of 11102 and 4.
2
What is the highest common divisor of 1341 and 21903?
447
Calculate the greatest common factor of 25081 and 91.
7
What is the greatest common factor of 73 and 1807261?
73
Calculate the greatest common factor of 706156 and 1452.
484
What is the greatest common factor of 20559 and 1617?
231
Calculate the greatest common divisor of 3415 and 1522407.
683
Calculate the highest common divisor of 1028648 and 568.
568
What is the greatest common factor of 233 and 958795?
233
What is the greatest common divisor of 244 and 1378478?
122
Calculate the highest common divisor of 159872 and 896.
128
What is the greatest common divisor of 29596 and 588?
196
What is the greatest common divisor of 556 and 1834?
2
Calculate the highest comm